
Let x = -287 + 569. Let m = x - 137. What are the prime factors of m?
5, 29
Suppose 2941 = 7*d - 1721. List the prime factors of d.
2, 3, 37
Let h = 35 + -30. Suppose -g + h*q = -122, q = 2*g - 0*q - 226. What are the prime factors of g?
2, 7
Let p(g) = 6*g**3 - 13*g**2 - 12*g + 27. What are the prime factors of p(7)?
2, 11, 31
Suppose 16 = 6*s - 2. Suppose 0 = 5*l - s*h - 139, 0 = -4*l + l - 5*h + 63. Suppose l = n - 32. List the prime factors of n.
2, 29
Suppose n + 2*v - 6*v = 696, -3*n + 5*v = -2102. List the prime factors of n.
2, 11
Let z(x) = -35*x + 1. Let w be z(-2). What are the prime factors of w + 1 - 16/(-16)?
73
What are the prime factors of 16254/36 + (-9)/(-6)?
3, 151
Suppose -w - 1660 = -11*w. Let x = w - 85. List the prime factors of x.
3
Suppose 4*k + 4*r = 68, -2*k - 4*r = -45 + 7. Let n(h) = -h**2 + 17*h - 1. What are the prime factors of n(k)?
29
Suppose -2*q - 4*v = -1106, -q - 5*v = -783 + 236. List the prime factors of q.
557
Let o(w) be the third derivative of -7*w**4/8 + 6*w**3 + 22*w**2. List the prime factors of o(-11).
3, 89
Suppose 6*v - 354 + 90 = 0. Let m be ((-121)/v)/((-1)/4). Let j(b) = 2*b + 9. List the prime factors of j(m).
31
Let n(t) = t + 9. Let f be n(-6). Suppose -2*p = 2*c + 14, -6*p + f*p = 2*c + 17. Let l = c - -14. What are the prime factors of l?
2, 5
Let p(k) = 89*k**2 + 10*k + 122. What are the prime factors of p(-6)?
2, 23, 71
Let l(t) be the second derivative of t**3/2 - 2*t**2 - 12*t. Let i be l(2). Let c(w) = 14*w**2 - 2*w - 2. List the prime factors of c(i).
2, 5
Suppose 3*o - 1336 = 3476. List the prime factors of o.
2, 401
Suppose 0 = -2*s - a + 6, 4*s - 3*a + 4 = 6. Suppose -238 = -0*g - s*g + 2*h, 121 = g - 2*h. List the prime factors of g.
3, 13
Let l = -70 + 74. Suppose -3*k - 98 = -l*x - 375, -10 = -2*x. What are the prime factors of k?
3, 11
Suppose -c - 2*c - 4*w + 50 = 0, -5*c = -w - 45. Let u be (10/15)/((-4)/(-42)). Let x = u + c. List the prime factors of x.
17
Let y(q) = -2*q**2 - 1. Suppose 3*b - 6 = -0*b. Let r be y(b). List the prime factors of (-679)/(-63) + (-2)/r.
11
Suppose -5*i = -4*i. Suppose -2*z - z + 27 = i. Suppose 0*f - f = -z. List the prime factors of f.
3
Let l(w) = 2*w + 26. Let j be l(-9). Let g(x) = x**3 - 6*x**2 - 4*x + 12. List the prime factors of g(j).
2, 3
Let p(o) = 1046 - 30*o - 23*o - 1056. List the prime factors of p(-3).
149
Let x = -101 - -57. Let q = x + 87. What are the prime factors of q?
43
Let u = 306 + -91. Suppose -4*f - 5*v = -u, -2*v - 2 = -8. List the prime factors of f.
2, 5
Let m be -3 - (4/12*6 - 12). Suppose -12*a + 50 = -m*a. What are the prime factors of a?
2, 5
Let d(b) = 2*b**2 - 39. Let z be d(0). Let n = 37 - z. What are the prime factors of n?
2, 19
Let n be 16/(-10)*((-140)/8)/7. Let d(v) = -16*v + 3. Let l be d(-4). Suppose 2*p + t = l, -17 + 5 = n*t. What are the prime factors of p?
5, 7
Suppose 3*o - o = 52. Suppose 10*k - 120 = 7*k. Suppose k = n - o. What are the prime factors of n?
2, 3, 11
Let s = 11 - 9. Suppose 5*o - 4*y + s = 0, 6*o - y = o - 8. List the prime factors of (-252)/(-12) - (o - -1).
2, 11
Let k be (-382)/(-18) + 8/(-36). What are the prime factors of 227/5 - k/(-35)?
2, 23
Let m(b) = 26*b + 31. What are the prime factors of m(52)?
3, 461
Let q(m) be the first derivative of 5*m**3/3 - m**2 - 4*m + 5. List the prime factors of q(2).
2, 3
Let p = -5 - 11. List the prime factors of (-12)/(p/(-4)) - -88.
5, 17
Let a(x) = 31*x + 70. What are the prime factors of a(20)?
2, 3, 5, 23
Let k be 39/(-33) + 1 + (-4172)/(-77). Let s(h) = -74*h + 1. Let y be s(-1). Let x = y - k. List the prime factors of x.
3, 7
Let j be (-145 - 8 - (1 - 1))/(-1). Suppose 4*q - 283 - j = 5*c, c = -q + 109. List the prime factors of q.
109
Let o(x) = -x**3 - 23*x**2 - 2*x - 24. Let j be o(-23). Suppose 19*h + 204 = j*h. List the prime factors of h.
2, 17
Let s(a) = 9*a + 1. Suppose 4*p + 2 = 6. Let w be s(p). Let x(d) = d**3 - 10*d**2 + 2*d + 1. List the prime factors of x(w).
3, 7
Let w = 912 - 3292. List the prime factors of (3/2)/((-51)/w).
2, 5, 7
Suppose -3*f - u + 1112 = 0, -f - 6*u + 380 = -u. List the prime factors of f.
2, 5, 37
Let w(i) = i**3 - 5*i**2 - 4*i - 10. Let p be w(6). What are the prime factors of 2/((p/218)/1)?
2, 109
Let m(r) = 2*r**3 - 16*r**2 - 16*r - 15. Let f be m(9). Let d be (-1 - -1) + 12/(-1). What are the prime factors of (4/d)/(f/(-369))?
41
Let l(o) = -4*o - 43. Let r be l(-11). List the prime factors of (834/(-45))/r*-3*5.
2, 139
Let o(p) be the third derivative of p**4/8 + 3*p**3/2 - 7*p**2. List the prime factors of o(12).
3, 5
Let w(m) be the second derivative of -m**3/6 + 43*m**2/2 + 11*m. List the prime factors of w(0).
43
Let o be 4/10 - (-1115)/25. Let t = 33 + o. Suppose -t = -n - n. List the prime factors of n.
3, 13
Let q(m) be the first derivative of -5*m**2/2 - m + 5. Let g be q(-1). Suppose u - 45 = -g*u. List the prime factors of u.
3
Suppose 0 = 157*b - 143*b - 44296. List the prime factors of b.
2, 7, 113
Suppose 0*k - 2*t = 2*k - 330, -4*k - 2*t + 654 = 0. Suppose 4*d = -5*b + 384, -4*b + 4*d + k + 174 = 0. Suppose -5*i + b = -60. List the prime factors of i.
2, 7
Let h be (-34)/(-14) + 9/(-21). Suppose 186 = 4*m + z, 2*m - h*z - 42 = m. Suppose -m - 2 = -4*a. List the prime factors of a.
2, 3
Let r = 108 + -167. Let k = 73 + r. What are the prime factors of k?
2, 7
List the prime factors of 69/(1912/380 - 5).
5, 19, 23
Let q be (-24)/5 + 2/(-10). Let u(g) = 2*g**2 - 3*g + 1. What are the prime factors of u(q)?
2, 3, 11
List the prime factors of 2/7 - -4*(-387)/(-21).
2, 37
Suppose 0 = 4*h - 4*r - 52, -3*h + 2*r + 1 = -34. Let n(k) = 6*k + h*k**2 + 9*k**2 + 0 - 19*k**2 + k**3 - 4. List the prime factors of n(4).
2, 17
Let v(s) = s**2 + 25*s - 21. List the prime factors of v(14).
3, 5, 7
Suppose 5*n = 5*s - 115, 5*n + 5*s + 57 = -8. What are the prime factors of (n/(-36))/(1/402)?
3, 67
Suppose 0 = 45*l - 50*l + 20. Suppose -5*b - 87 = x - 518, -16 = l*x. What are the prime factors of b?
3, 29
Let n(c) = c**2 + 6*c - 10. Let d(l) = 7*l - 32. Let f be d(5). List the prime factors of n(f).
17
Suppose -90*o + 85*o + 210 = 0. What are the prime factors of o?
2, 3, 7
Let x be 0/(-1) - (-142 + -4). Let h be (-6)/(-2) + -1 + x. Let j = h + -82. What are the prime factors of j?
2, 3, 11
Let j(c) = c**2 + c - 4. Let a be j(-4). Suppose 0 = 3*q - a*q - 5. List the prime factors of q*(-3 + 6 + -6).
3
Suppose 0 = -9*p + 12*p + 72. Let g = 61 + p. List the prime factors of g.
37
Suppose 3*q = -4*t - 251, 4*q - 312 = 5*t + 25. Let g = 136 + t. List the prime factors of g.
71
Let u(m) = -m**3 - 6*m**2 - 5*m + 4. Let k be u(-5). Suppose k*o + 93 = 553. Suppose -3*t - 5*y = -o, 3 + 2 = y. What are the prime factors of t?
2, 3, 5
Let v(z) = -2*z**3 + 2 - 364*z**2 - z + 365*z**2 + 1. List the prime factors of v(-2).
5
Suppose 4*r = -2*o - 2, 3*r + 6 = -0*r. Let z(j) be the first derivative of j**3 - j**2/2 - 4*j - 58. List the prime factors of z(o).
2, 5
Suppose 3*k + 116 = 2*n, 4*k + 5*n + 140 = 4*n. Let v be (-20)/6*k/(-5). Let c = 41 + v. List the prime factors of c.
17
Let n = -2592 - -4885. List the prime factors of n.
2293
Let u(j) = j**3 + 7*j**2 - 47*j + 31. What are the prime factors of u(13)?
2, 5, 7
Suppose 0 = -j + 4*t + 239, -4*j = -3*t - 47 - 844. What are the prime factors of j?
3, 73
Let t be (1 + -1)/(1/(-1)). Let c(b) = -b**3 - b**2 + 4*b + 1. Let o be c(-3). Suppose -3*p + o + 2 = 0, t = 4*g + 4*p - 176. What are the prime factors of g?
41
Let x = -235 + 347. Let n = -17 + x. Suppose -v + n = 5*t, -3*t - 14 = v - 73. What are the prime factors of t?
2, 3
Suppose n = -g - 0 - 4, 5*g + 20 = 3*n. Suppose n*d + 830 = 5*d. What are the prime factors of d?
2, 83
Suppose 3*m + 4 = -4*v, 0 = 2*v + 2*v + 4*m. Let r be 0 + v*(-3)/(-6). List the prime factors of (-27)/2*r*1.
3
Suppose -j - 2*p + 44 = -10, 5*j - 235 = -3*p. Suppose -3*f = 7*g - 3*g + 111, 2*g + 73 = -5*f. Let b = g + j. List the prime factors of b.
2, 5
List the prime factors of -4*(-6)/32 + 149800/32.
2, 2341
Suppose -3*k + 0*k + 18 = 0. Let x(o) = o**2 + 12*o + 8. Let r be x(-12). Let q = r + k. List the prime factors of q.
2, 7
Let b(c) = 95*c**2 - 21*c + 42. List the prime factors of b(4).
2, 739
Let p(m) = 5*m**3 + 